{"id":113,"date":"2023-10-09T16:05:49","date_gmt":"2023-10-09T14:05:49","guid":{"rendered":"https:\/\/frankablog.ferencesek.hu\/?page_id=113"},"modified":"2023-12-23T16:59:51","modified_gmt":"2023-12-23T14:59:51","slug":"hitelet","status":"publish","type":"page","link":"https:\/\/frankablog.ferencesek.hu\/?page_id=113","title":{"rendered":"Hit\u00e9let"},"content":{"rendered":"\t\t<div data-elementor-type=\"wp-page\" data-elementor-id=\"113\" class=\"elementor elementor-113\">\n\t\t\t\t\t\t<section class=\"elementor-section elementor-top-section elementor-element elementor-element-04b56b3 elementor-section-boxed elementor-section-height-default elementor-section-height-default\" data-id=\"04b56b3\" data-element_type=\"section\" data-e-type=\"section\">\n\t\t\t\t\t\t<div class=\"elementor-container elementor-column-gap-default\">\n\t\t\t\t\t<div class=\"elementor-column elementor-col-100 elementor-top-column elementor-element elementor-element-8ba283d\" data-id=\"8ba283d\" data-element_type=\"column\" data-e-type=\"column\">\n\t\t\t<div class=\"elementor-widget-wrap elementor-element-populated\">\n\t\t\t\t\t\t<div class=\"elementor-element elementor-element-93eff24 elementor-widget elementor-widget-text-editor\" data-id=\"93eff24\" data-element_type=\"widget\" data-e-type=\"widget\" data-widget_type=\"text-editor.default\">\n\t\t\t\t<div class=\"elementor-widget-container\">\n\t\t\t\t\t\t\t\t\t<h2>A ferences regula elfogad\u00e1s\u00e1nak 800. \u00e9vfordul\u00f3ja&nbsp;<\/h2>\n<div>\n<p style=\"background-color: white; margin-bottom: 0cm; line-height: normal;\"><span style=\"font-size: 11.5pt; font-family: 'inherit', serif; color: #050505;\">A ferences regula j\u00f3v\u00e1hagy\u00e1s\u00e1nak&nbsp;<b>800. \u00e9vfordul\u00f3j\u00e1t<\/b>&nbsp;\u00fcnnepelt\u00fck!<\/span><\/p>\n<p style=\"background-color: white; margin-bottom: 0cm; line-height: normal;\"><span style=\"font-size: 11.5pt; font-family: 'inherit', serif; color: #050505;\">&nbsp;<\/span><\/p>\n<p style=\"background-color: white; margin-bottom: 0cm; line-height: normal;\"><span style=\"font-size: 11.5pt; font-family: 'inherit', serif; color: #050505;\">Assisi Szent Ferenc regul\u00e1j\u00e1t&nbsp;<b>1223. november 29<\/b>-\u00e9n er\u0151s\u00edtette meg bull\u00e1j\u00e1val&nbsp;<b>III. Hon\u00f3riusz p\u00e1pa<\/b>. A ferences regula j\u00f3v\u00e1hagy\u00e1s\u00e1nak 800. \u00e9vfordul\u00f3j\u00e1nak el\u0151est\u00e9j\u00e9n,&nbsp;<b>2023. november 28<\/b>-\u00e1n gimn\u00e1ziumunkban is megeml\u00e9kezt\u00fcnk err\u0151l a jeles esem\u00e9nyr\u0151l.<\/span><\/p>\n<p style=\"background-color: white; margin-bottom: 0cm; line-height: normal;\"><span style=\"font-size: 11.5pt; font-family: 'inherit', serif; color: #050505;\">&nbsp;<\/span><\/p>\n<p style=\"background-color: white; margin-bottom: 0cm; line-height: normal;\"><span style=\"font-size: 11.5pt; font-family: 'inherit', serif; color: #050505;\">Az esem\u00e9nyt&nbsp;<b>\u00fcnnepi zsolozsm\u00e1val<\/b>&nbsp;nyitottuk, melyben&nbsp;<b>P. Bal\u00e1zs Jeromos atya<\/b>, gimn\u00e1ziumunk prefektusa szem\u00e9lyes tan\u00fas\u00e1gt\u00e9tele hangzott el.<\/span><\/p>\n<p style=\"background-color: white; margin-bottom: 0cm; line-height: normal;\"><span style=\"font-size: 11.5pt; font-family: 'inherit', serif; color: #050505;\">A tan\u00fas\u00e1gt\u00e9telt k\u00f6vet\u0151en di\u00e1kjaink kivonultak a rendh\u00e1z kerengej\u0151be (kvadrum\u00e1ba), ahol P. Kom\u00e1romi El\u0151d h\u00e1zf\u0151n\u00f6k, iskol\u00e1nk koll\u00e9giumi igazgat\u00f3helyettese egy&nbsp;<b>\u00fcnnepi tort\u00e1val<\/b>&nbsp;jelent meg di\u00e1kjaink k\u00eds\u00e9ret\u00e9ben, akik magukkal hozt\u00e1k az eredeti regula bekeretezett m\u00e1solat\u00e1t.<\/span><\/p>\n<p style=\"background-color: #ffffff;\">\n<\/p><p style=\"background-color: white; margin-bottom: 0cm; line-height: normal;\"><span style=\"font-size: 11.5pt; font-family: 'inherit', serif; color: #050505;\">Ezut\u00e1n egy kis \u201ef\u00e9ny\u00fcnneps\u00e9get\u201d is tartottunk, amelynek legv\u00e9g\u00e9n a szegedi tejgy\u00e1r adom\u00e1ny\u00e1nak k\u00f6sz\u00f6nhet\u0151en t\u00far\u00f3rudival \u00f6rvendeztett\u00fck meg a di\u00e1kjainkat.<\/span><\/p>\n<p style=\"background-color: white; margin-bottom: 0cm; line-height: normal;\"><span style=\"background-color: #ffffff;\">Az esem\u00e9nyr\u0151l a f\u00e9nyk\u00e9pek megtekinthet\u0151k&nbsp;<\/span><a style=\"background-color: #ffffff;\" href=\"https:\/\/www.instagram.com\/p\/C0SFpnnrx2x\/?img_index=1\">instagramon<\/a><span style=\"background-color: #ffffff;\">&nbsp;vagy&nbsp;<\/span><a style=\"background-color: #ffffff;\" href=\"https:\/\/www.facebook.com\/photo?fbid=863263215799311&amp;set=pcb.863263622465937\">Facebookon<\/a><span style=\"background-color: #ffffff;\">.&nbsp;<\/span><span style=\"font-size: 11.5pt; font-family: 'inherit', serif; color: #050505;\"><br><\/span><\/p>\n<p style=\"background-color: white; margin-bottom: 0cm; line-height: normal;\"><span style=\"background-color: #ffffff;\">&nbsp;<\/span><\/p>\n<p style=\"background-color: white; margin-bottom: 0cm; line-height: normal;\"><span style=\"background-color: #ffffff;\">&nbsp;<\/span><\/p>\n<\/div>\t\t\t\t\t\t\t\t<\/div>\n\t\t\t\t<\/div>\n\t\t\t\t<div class=\"elementor-element elementor-element-277d4c5 elementor-shape-rounded elementor-grid-0 e-grid-align-center elementor-widget elementor-widget-social-icons\" data-id=\"277d4c5\" data-element_type=\"widget\" data-e-type=\"widget\" data-widget_type=\"social-icons.default\">\n\t\t\t\t<div class=\"elementor-widget-container\">\n\t\t\t\t\t\t\t<div class=\"elementor-social-icons-wrapper elementor-grid\" role=\"list\">\n\t\t\t\t\t\t\t<span class=\"elementor-grid-item\" role=\"listitem\">\n\t\t\t\t\t<a class=\"elementor-icon elementor-social-icon elementor-social-icon-instagram elementor-repeater-item-a4e1e67\" href=\"https:\/\/www.instagram.com\/p\/C0SFpnnrx2x\/?img_index=1\" target=\"_blank\">\n\t\t\t\t\t\t<span class=\"elementor-screen-only\">Instagram<\/span>\n\t\t\t\t\t\t<i aria-hidden=\"true\" class=\"fab fa-instagram\"><\/i>\t\t\t\t\t<\/a>\n\t\t\t\t<\/span>\n\t\t\t\t\t\t\t<span class=\"elementor-grid-item\" role=\"listitem\">\n\t\t\t\t\t<a class=\"elementor-icon elementor-social-icon elementor-social-icon-facebook elementor-repeater-item-8f913dc\" href=\"https:\/\/www.facebook.com\/photo?fbid=863263215799311&#038;set=pcb.863263622465937\" target=\"_blank\">\n\t\t\t\t\t\t<span class=\"elementor-screen-only\">Facebook<\/span>\n\t\t\t\t\t\t<i aria-hidden=\"true\" class=\"fab fa-facebook\"><\/i>\t\t\t\t\t<\/a>\n\t\t\t\t<\/span>\n\t\t\t\t\t<\/div>\n\t\t\t\t\t\t<\/div>\n\t\t\t\t<\/div>\n\t\t\t\t\t<\/div>\n\t\t<\/div>\n\t\t\t\t\t<\/div>\n\t\t<\/section>\n\t\t\t\t<section class=\"elementor-section elementor-top-section elementor-element elementor-element-3dc07610 elementor-section-boxed elementor-section-height-default elementor-section-height-default\" data-id=\"3dc07610\" data-element_type=\"section\" data-e-type=\"section\">\n\t\t\t\t\t\t<div class=\"elementor-container elementor-column-gap-default\">\n\t\t\t\t\t<div class=\"elementor-column elementor-col-100 elementor-top-column elementor-element elementor-element-1cbfbf15\" data-id=\"1cbfbf15\" data-element_type=\"column\" data-e-type=\"column\">\n\t\t\t<div class=\"elementor-widget-wrap elementor-element-populated\">\n\t\t\t\t\t\t<div class=\"elementor-element elementor-element-5da7fb7 elementor-widget elementor-widget-text-editor\" data-id=\"5da7fb7\" data-element_type=\"widget\" data-e-type=\"widget\" data-widget_type=\"text-editor.default\">\n\t\t\t\t<div class=\"elementor-widget-container\">\n\t\t\t\t\t\t\t\t\t<p><\/p>\n<h1 class=\"wp-block-heading\">A 10. \u00e9vfolyam lelkigyakorlata Pilisszentl\u00e9leken<\/h1>\n<p><\/p>\n<p><\/p>\n<figure class=\"wp-block-image\"><img decoding=\"async\" src=\"https:\/\/frankablog.ferencesek.hu\/wp-content\/uploads\/2023\/11\/lelki-764x198.png\" alt=\"\" \/><\/figure>\n<p><\/p>\n<p><\/p>\n<p>\u00a0<\/p>\n<p><\/p>\n<p><\/p>\n<p>Kapisztr\u00e1n atya tartotta az idei \u0151szi lelkigyakorlatunkat, amelynek f\u0151 t\u00e9m\u00e1ja az im\u00e1ds\u00e1g volt, az Istennel val\u00f3 kapcsolatba l\u00e9p\u00e9s lehet\u0151s\u00e9gei. Els\u0151k\u00e9nt a pilisszentl\u00e9leki templom megismer\u00e9s\u00e9vel kezdt\u00fcnk, \u00e1ttekintve K\u00e1konyi Asztrik ferences testv\u00e9r festm\u00e9nyeit, majd m\u00e9lyebben foglalkoztunk saj\u00e1t im\u00e1dkoz\u00e1si szok\u00e1sainkkal, amelyeket egym\u00e1ssal is megosztottuk.\u00a0<\/p>\n<p><\/p>\n<p><\/p>\n<p>K\u00e9s\u0151bb a term\u00e9szetben v\u00e9gzett im\u00e1ds\u00e1ggal foglalkoztunk. Mindenki elt\u00f6lt\u00f6tt egy-egy f\u00e9l\u00f3r\u00e1t egyed\u00fcl a k\u00f6zeli erd\u0151ben vagy \u00e9ppen a naps\u00fct\u00f6tte mez\u0151n, ut\u00e1na \u00fajra \u00f6sszegy\u0171lt\u00fcnk \u00e9s megbesz\u00e9lt\u00fck tapasztalatainkat. A k\u00f6z\u00f6s besz\u00e9lget\u00e9s mindegyik im\u00e1ds\u00e1g v\u00e9gezt\u00e9vel elengedhetetlen volt.<\/p>\n<p><\/p>\n<p><\/p>\n<p>\u00a0A k\u00f6vetkez\u0151 imaforma a szents\u00e9gim\u00e1d\u00e1sra koncentr\u00e1lt. A feladat kinek neh\u00e9z, kinek igen egyszer\u0171 volt: ugyancsak csendben im\u00e1dkozni legal\u00e1bb f\u00e9l \u00f3r\u00e1t az Eucharisztia el\u0151tt. V\u00e9g\u00fcl a Szent\u00edr\u00e1s egy r\u00f6vid r\u00e9szlet\u00e9vel val\u00f3 elm\u00e9lked\u00e9s k\u00f6vetkezett. A lelkigyakorlat z\u00e1r\u00e1sak\u00e9nt mindenki a neki legmegfelel\u0151bb im\u00e1dkoz\u00e1si lehet\u0151s\u00e9get gyakorolhatta, t\u00f6rekedve ezzel lelki \u00e9lete fejl\u0151d\u00e9s\u00e9re.<\/p>\n<p><\/p>\n<p><\/p>\n<h2 class=\"wp-block-heading\"><a href=\"https:\/\/www.instagram.com\/p\/CyG2FysLVr7\/?img_index=3\">A lelkigyakorlatr\u00f3l tov\u00e1bbi k\u00e9pek Instagramon megtekinthet\u0151k<\/a>\u00a0<\/h2>\n<p><\/p>\t\t\t\t\t\t\t\t<\/div>\n\t\t\t\t<\/div>\n\t\t\t\t<div class=\"elementor-element elementor-element-dc2aa87 elementor-shape-rounded elementor-grid-0 e-grid-align-center elementor-widget elementor-widget-social-icons\" data-id=\"dc2aa87\" data-element_type=\"widget\" data-e-type=\"widget\" data-widget_type=\"social-icons.default\">\n\t\t\t\t<div class=\"elementor-widget-container\">\n\t\t\t\t\t\t\t<div class=\"elementor-social-icons-wrapper elementor-grid\">\n\t\t\t\t\t\t\t<span class=\"elementor-grid-item\">\n\t\t\t\t\t<a class=\"elementor-icon elementor-social-icon elementor-social-icon-instagram elementor-repeater-item-0c84ee8\" href=\"https:\/\/www.instagram.com\/p\/CyG2FysLVr7\/?img_index=3\" target=\"_blank\">\n\t\t\t\t\t\t<span class=\"elementor-screen-only\">Instagram<\/span>\n\t\t\t\t\t\t<i aria-hidden=\"true\" class=\"fab fa-instagram\"><\/i>\t\t\t\t\t<\/a>\n\t\t\t\t<\/span>\n\t\t\t\t\t<\/div>\n\t\t\t\t\t\t<\/div>\n\t\t\t\t<\/div>\n\t\t\t\t\t<\/div>\n\t\t<\/div>\n\t\t\t\t\t<\/div>\n\t\t<\/section>\n\t\t\t\t<\/div>\n\t\t","protected":false},"excerpt":{"rendered":"<p>A ferences regula elfogad\u00e1s\u00e1nak 800. \u00e9vfordul\u00f3ja&nbsp; A ferences regula j\u00f3v\u00e1hagy\u00e1s\u00e1nak&nbsp;800. \u00e9vfordul\u00f3j\u00e1t&nbsp;\u00fcnnepelt\u00fck! &nbsp; Assisi Szent Ferenc regul\u00e1j\u00e1t&nbsp;1223. november 29-\u00e9n er\u0151s\u00edtette meg bull\u00e1j\u00e1val&nbsp;III. Hon\u00f3riusz p\u00e1pa. A ferences regula j\u00f3v\u00e1hagy\u00e1s\u00e1nak 800. \u00e9vfordul\u00f3j\u00e1nak el\u0151est\u00e9j\u00e9n,&nbsp;2023. november 28-\u00e1n gimn\u00e1ziumunkban is megeml\u00e9kezt\u00fcnk err\u0151l a jeles esem\u00e9nyr\u0151l. &nbsp; &hellip; <a href=\"https:\/\/frankablog.ferencesek.hu\/?page_id=113\">Egy kattint\u00e1s ide a folytat\u00e1shoz&#8230;. <span class=\"meta-nav\">&rarr;<\/span><\/a><\/p>\n","protected":false},"author":4,"featured_media":85,"parent":0,"menu_order":0,"comment_status":"closed","ping_status":"open","template":"","meta":{"footnotes":""},"class_list":["post-113","page","type-page","status-publish","has-post-thumbnail","hentry"],"_links":{"self":[{"href":"https:\/\/frankablog.ferencesek.hu\/index.php?rest_route=\/wp\/v2\/pages\/113","targetHints":{"allow":["GET"]}}],"collection":[{"href":"https:\/\/frankablog.ferencesek.hu\/index.php?rest_route=\/wp\/v2\/pages"}],"about":[{"href":"https:\/\/frankablog.ferencesek.hu\/index.php?rest_route=\/wp\/v2\/types\/page"}],"author":[{"embeddable":true,"href":"https:\/\/frankablog.ferencesek.hu\/index.php?rest_route=\/wp\/v2\/users\/4"}],"replies":[{"embeddable":true,"href":"https:\/\/frankablog.ferencesek.hu\/index.php?rest_route=%2Fwp%2Fv2%2Fcomments&post=113"}],"version-history":[{"count":5,"href":"https:\/\/frankablog.ferencesek.hu\/index.php?rest_route=\/wp\/v2\/pages\/113\/revisions"}],"predecessor-version":[{"id":375,"href":"https:\/\/frankablog.ferencesek.hu\/index.php?rest_route=\/wp\/v2\/pages\/113\/revisions\/375"}],"wp:featuredmedia":[{"embeddable":true,"href":"https:\/\/frankablog.ferencesek.hu\/index.php?rest_route=\/wp\/v2\/media\/85"}],"wp:attachment":[{"href":"https:\/\/frankablog.ferencesek.hu\/index.php?rest_route=%2Fwp%2Fv2%2Fmedia&parent=113"}],"curies":[{"name":"wp","href":"https:\/\/api.w.org\/{rel}","templated":true}]}}